) = -o**3 + 3*o**2 + o - 21. Determine p(-3).
30
Let w(z) = -7*z**2 + 82*z - 45. Determine w(11).
10
Let j(y) = 2*y + 33. Calculate j(16).
65
Let x(v) = 3*v**2 + 120*v + 453. Determine x(-4).
21
Let d(w) = -178*w**2 + 2494*w - 34. What is d(14)?
-6
Let c(k) = 5*k**2 - 292*k - 142. Give c(59).
35
Let c(b) = b + 40. Determine c(-14).
26
Let i(k) = -28*k - 152. Give i(-8).
72
Let k(b) = b**3 + 9*b**2 + 6*b - 25. Determine k(-8).
-9
Let d(j) = j**3 + 21*j**2 + 82*j + 9. What is d(-16)?
-23
Let k(u) = u**3 + 6*u**2 + 10*u - 3. Determine k(-6).
-63
Let j(f) = -f**3 - 14*f**2 - 12*f + 137. Give j(-12).
-7
Let x(y) = -2*y - 248. Give x(15).
-278
Let q(u) = 9*u - 204. Calculate q(21).
-15
Let t(q) = -2*q**3 - q**2 + 23*q - 2. What is t(-4)?
18
Let y(h) = -h**3 + 25*h**2 - 127*h + 228. What is y(19)?
-19
Let i(d) = -261*d + 1562. Give i(6).
-4
Let v(z) = 3*z**2 - 166*z - 478. Determine v(58).
-14
Let k(o) = 17*o - 216. Calculate k(10).
-46
Let j(h) = 6*h**2 + 90*h - 590. Calculate j(-20).
10
Let t(p) = -133*p - 6083. Give t(-46).
35
Let p(r) = 4*r**3 - 6*r - 12. Determine p(-4).
-244
Let w(l) = 313*l**3 + 6*l**2 + 3*l - 4. Give w(-1).
-314
Let y(h) = 5*h**2 + 33*h + 153. Determine y(-6).
135
Let f(n) = -n**3 - 6*n**2 + 28*n + 266. What is f(-6)?
98
Let s(k) = -2*k**3 + 31*k**2 + 210*k + 22. Calculate s(-5).
-3
Let y(o) = -10*o**2 - 1018*o - 1017. Calculate y(-1).
-9
Let h(d) = 313*d + 19. What is h(-1)?
-294
Let c(t) = -t**2 - 10*t - 48. Calculate c(-19).
-219
Let z(a) = a**3 + 6*a**2 + 22*a + 94. Determine z(-6).
-38
Let a(b) = -4*b**2 - 128*b + 117. Determine a(-32).
117
Let c(k) = 161*k + 1069. What is c(-11)?
-702
Let l(i) = -17*i - 116. Calculate l(-23).
275
Let v(d) = -d**3 - 15*d**2 - 7*d + 12. Give v(-14).
-86
Let s(k) = -k**3 - 4*k**2 - 16*k - 16. Give s(0).
-16
Let w(v) = 2*v - 25. Determine w(7).
-11
Let h(s) = 753*s - 26357. Give h(35).
-2
Let a(w) = -52*w**3 - 19*w**2 + 4*w + 1. Calculate a(-2).
333
Let p(c) = 25*c + 708. Calculate p(-32).
-92
Let o(g) = -g**3 + 8*g**2 + 62*g - 454. Give o(10).
-34
Let v(k) = -k**3 - 8*k**2 - 3*k - 46. Determine v(-8).
-22
Let d(f) = -f**3 - 44*f**2 + 45*f + 15. What is d(-45)?
15
Let y(a) = a**3 - 11*a**2 + 10*a - 250. What is y(12)?
14
Let g(j) = -j**3 - 7*j**2 - 318*j - 1555. Give g(-5).
-15
Let r(y) = 35*y - 311. Give r(9).
4
Let t(s) = -2*s**3 - 7*s**2 + 50*s + 162. Give t(-5).
-13
Let w(y) = -5*y**2 + 75*y + 23. What is w(12)?
203
Let q(o) = 4360*o + 43609. Give q(-10).
9
Let l(t) = -18*t**2 + 31*t + 28. Determine l(-1).
-21
Let p(z) = 14*z**2 - 113*z - 207. Calculate p(10).
63
Let t(u) = u**3 - 10*u - 25. Calculate t(-3).
-22
Let m(v) = 10*v**3 + 290*v**2 - 2*v - 58. What is m(-29)?
0
Let z(k) = k**2 + 312*k - 6284. Determine z(19).
5
Let q(t) = 44*t + 592. What is q(-13)?
20
Let j(x) = -5*x**3 + 29*x**2 + 53*x - 302. Calculate j(6).
-20
Let d(n) = n**2 + 70*n + 42. Determine d(-69).
-27
Let r(d) = -1008*d + 5945. What is r(6)?
-103
Let d(q) = -2*q**2 - 87*q - 637. What is d(-34)?
9
Let t(q) = -3*q**2 - 83*q + 28. Determine t(-28).
0
Let b(x) = 20*x + 143. Determine b(7).
283
Let j(k) = -k**3 + 11*k**2 - 208*k + 1964. Calculate j(10).
-16
Let a(m) = 17*m**2 - 259*m + 35. Determine a(15).
-25
Let d(k) = 10*k - 124. Give d(14).
16
Let n(z) = 64*z - 5511. What is n(86)?
-7
Let q(n) = -18*n**2 + 2498*n + 524. Calculate q(139).
-32
Let i(k) = k**2 + 595*k + 40774. What is i(-79)?
10
Let f(q) = q**3 + q**2 + 20*q - 45. Determine f(2).
7
Let v(s) = s**3 - 16*s**2 + 38*s + 56. Determine v(13).
43
Let b(n) = -2*n**3 - 7*n**2 - 34*n - 73. What is b(-2)?
-17
Let k(n) = -24*n**2 + 890*n - 63. Give k(37).
11
Let w(d) = -377*d + 3762. Calculate w(10).
-8
Let u(q) = -q**2 - 62*q - 943. Give u(-36).
-7
Let k(y) = -1071*y**3 + 9*y**2 + 8*y - 2. Give k(-1).
1070
Let x(a) = a**3 - 4*a**2 - 66*a + 252. Give x(4).
-12
Let o(h) = 2*h**3 - 20*h**2 - 67*h - 43. Calculate o(-2).
-5
Let g(n) = 6*n**2 - 218*n - 386. Calculate g(38).
-6
Let n(q) = -15*q + 993. Give n(64).
33
Let r(c) = -2*c**2 - 17*c + 188. What is r(18)?
-766
Let w(k) = 15*k**2 - 61*k - 2. Calculate w(3).
-50
Let h(u) = -17*u**2 - 540*u - 1791. What is h(-28)?
1
Let n(t) = 37*t + 52. Determine n(-3).
-59
Let i(v) = v**2 + 5*v - 390. Give i(-16).
-214
Let u(k) = k**2 - 75*k + 1097. Calculate u(20).
-3
Let k(l) = -l**2 - 27*l + 159. Determine k(-32).
-1
Let j(m) = m**3 + 5*m**2 - 203*m + 18. Determine j(-17).
1
Let m(c) = -c**2 - 23*c + 473. Give m(13).
5
Let v(p) = -p**3 - 55*p**2 - 6. Calculate v(-55).
-6
Let b(u) = -2*u**2 + 12*u + 222. What is b(17)?
-152
Let y(a) = 7*a**2 + 66*a - 42. What is y(-10)?
-2
Let c(h) = -2*h**3 - 16*h**2 + 21*h + 26. What is c(-9)?
-1
Let c(p) = -2*p - 46. Calculate c(-3).
-40
Let l(b) = -1410*b - 4228. Calculate l(-3).
2
Let j(t) = 243*t**2 - 2. Calculate j(-1).
241
Let j(m) = -2*m**2 + 9*m + 2830. Determine j(40).
-10
Let f(m) = -106*m**2 + 101*m - 300. Determine f(3).
-951
Let s(v) = 80*v - 99. Give s(2).
61
Let a(w) = 240*w - 16549. What is a(69)?
11
Let n(d) = 10*d**3 + 5*d**2 - 13*d + 8. Calculate n(1).
10
Let b(m) = 8*m - 326. Give b(27).
-110
Let d(u) = 3288*u - 19734. Determine d(6).
-6
Let i(f) = 7*f**2 - 97*f - 27. Give i(14).
-13
Let i(v) = -v**3 + 7*v**2 + 1. What is i(7)?
1
Let o(q) = -4572*q - 82304. Give o(-18).
-8
Let o(s) = s**3 - 21*s**2 - 121*s + 521. Give o(25).
-4
Let t(u) = -u**3 - 17*u**2 - 61*u + 25. Determine t(-5).
30
Let b(w) = -426*w + 4251. Calculate b(10).
-9
Let m(c) = -c**3 - 22*c**2 - 62*c + 40. What is m(-19)?
135
Let p(d) = -358*d - 2549. What is p(-7)?
-43
Let g(x) = 13*x**3 - 21*x**2 + 39*x - 76. What is g(2)?
22
Let w(u) = -942*u + 12259. Give w(13).
13
Let g(y) = 5*y + 221. Calculate g(13).
286
Let v(i) = 11*i**2 + 45*i - 2. Determine v(-4).
-6
Let h(o) = -2*o**3 + 4*o**2 + 21*o + 11. What is h(-4)?
119
Let w(l) = l**2 + 63*l + 655. What is w(-13)?
5
Let i(y) = 26*y**2 + 598*y - 16. Give i(-23).
-16
Let r(v) = v**2 - 161*v + 313. Give r(2).
-5
Let j(q) = 27*q - 563. What is j(11)?
-266
Let g(c) = -c**3 - 60*c**2 + 56*c - 125. Give g(-61).
180
Let f(x) = -x**3 + 240*x**2 + 1732*x - 740. What is f(247)?
1
Let u(z) = 113*z**3 - z**2 + 3*z - 3. What is u(1)?
112
Let y(s) = -11*s**2 - 38*s + 9. Give y(-4).
-15
Let f(j) = -j**3 + 11*j**2 - 8*j - 36. Determine f(10).
-16
Let y(d) = d**3 + 12*d**2 + 21*d + 16. Determine y(-10).
6
Let y(k) = 3*k**2 - 44*k + 12. Calculate y(15).
27
Let b(t) = -11993*t - 35981. Determine b(-3).
-2
Let d(b) = 2*b**3 - 16*b**2 + 8. What is d(8)?
8
Let l(v) = -v**3 + 93*v**2 - 357*v + 82. Calculate l(89).
-7
Let l(z) = -135*z + 1501. Give l(11).
16
Let f(a) = -2*a**2 + 38*a + 307. What is f(25)?
7
Let x(m) = -m**3 - 5*m**2 + 7*m + 32. Calculate x(-7).
81
Let k(z) = 409*z + 143963. Calculate k(-352).
-5
Let c(a) = 7*a**2 - 148*a + 24. Give c(21).
3
Let a(c) = 1963*c - 19620. Calculate a(10).
10
Let w(p) = 3*p**2 - 30*p + 46. Calculate w(8).
-2
Let p(r) = -19*r**2 + 3*r + 96. Determine p(4).
-196
Let f(y) = 131*y + 4586. Give f(-35).
1
Let a(p) = 328*p + 72. Give a(-1).
-256
Let c(j) = 22*j**3 + 222*j**2 + 25*j + 45. Determine c(-10).
-5
Let o(j) = -163*j**2 + 8806*j - 213. Give o(54).
3
Let u(g) = -g**3 + 26*g**2 - 50*g - 24. Calculate u(24).
-72
Let b(x) = 2*x**3 - 63*x**2 + 57*x - 795. Give b(31).
11
Let q(c) = -c**3 + 2*c**2 + 6*c - 17. Determine q(3).
-8
Let k(d) = -4*d**3 - 48*d**2 + 40*d + 508. Determine k(-12).
28
Let p(j) = -j**2 - 42*j - 306. Determine p(-9).
-9
Let z(i) = -3*i**3 - 106*i**2 + 342*i + 4. Determine z(3).
-5
Let m(f) = 152*f - 1222. What is m(8)?
-6
Let c(f) = -3*f**2 + 82*f + 42. Calculate c(25).
217
Let l(w) = -46*w**3 - 92*w**2 - 3*w - 18. Determine l(-4).
1466
Let a(v) = 94*v - 226. What is a(2)?
-38
Let g(v) = 2*v - 598. Give g(-22).
-642
Let r(n) = 271*n + 2740. What is r(-10)?
30
Let b(a) = a**2 - 124*a + 3863. What is b(68)?
55
Let z(a) = a**3 - 7*a**2 - 255*a + 36. What is z(20)?
136
Let o(k) = -k**2 - 1493*k - 4473. Give o(-3).
-3
Let w(a) = -65*a - 3551. What is w(-54)?
-41
Let m(p) = -p**2 - 45*p + 192. Determine m(4).
-4
Let p(s) = -s**2 - 158*s - 5438. What is p(-51)?
19
Let b(f) = -459*f - 4593. What is b(-10)?
-3
Let f(w) = -27*w + 337. Determine f(12).
13
Let v(j) = -j**3 + 10*j**2 + 72*j - 667. Calculate v(11).
4
Let w(k) = 7